- 6 - 22. Suppose 5*p = a + 1, k*a - 3*a = -4*p + l. What is the tens digit of a?
2
Suppose -10*q - 87 - 3703 = 0. Let r = 541 + q. What is the tens digit of r?
6
What is the thousands digit of 15/18 + (-81165)/(-18)?
4
Suppose -14*i + 53417 = -i. What is the units digit of i?
9
Let n be ((-2)/(-3))/((-7)/21). What is the units digit of (25/50)/(n/(-276))?
9
Let s = 163 - -83. What is the tens digit of s?
4
Let o(j) = j**3 + 2*j**2 - 3*j - 34. Let r be o(0). What is the tens digit of r/(-4)*(4 + 2)?
5
Suppose j + 28 = 2*c, -4*c + 32 = 6*j - 2*j. What is the tens digit of 3/c + 729/12?
6
Suppose 4*s + 75 = 5*m, -2*m + 0*s = 4*s - 30. Let b = 19 - m. What is the units digit of b?
4
Let s be 24/(-84) + (-142)/(-7). Let l be (18/3)/(6/s). Suppose 0 = -18*k + l*k - 86. What is the tens digit of k?
4
Let t(v) = 14*v + 4. Let m be t(-4). Let q = 22 - m. What is the tens digit of q?
7
Suppose -824 + 16554 = 11*q. What is the tens digit of q?
3
Suppose -25*w = -31*w. Suppose -4*j + 29 = -55. Suppose w = 2*v + 4*n - 9*n - j, 34 = 4*v - 2*n. What is the units digit of v?
8
Let x be (-15 - -17)/((-2)/(-4)). Suppose -3*q + 52 = 2*q + 2*g, x*q - 42 = -2*g. Let m = q + 22. What is the tens digit of m?
3
Let u(b) = b**3 - 8*b**2 + 10*b - 6. Let g be u(7). Let m = 14 - g. Let c = m - -4. What is the units digit of c?
3
Let v be (-126)/15*(-45)/6. Suppose -114 = -k + v. What is the hundreds digit of k?
1
Suppose -4*y = t + 17 + 1, 3*y = 5*t - 2. Let o = y + -1. Let i = o + 11. What is the units digit of i?
6
Let q(a) = a**2 + 3*a + 2. Let o(u) = -u**2 + 17*u + 33. Let b be o(19). What is the units digit of q(b)?
2
Let s = -73 + 109. What is the units digit of (-56)/(-42)*s/1?
8
Suppose -34*s + 6 = -33*s. Let u(t) = 19*t + 13. What is the hundreds digit of u(s)?
1
Let q(i) = 3*i + i**3 - i**2 - 3*i**2 - 2*i - 6 - 1. What is the units digit of q(5)?
3
Suppose 2856 = 2*r - 1542. What is the thousands digit of r?
2
Suppose 3*l - 915 = -3*p, 5*l = 3*p + 1696 - 155. What is the units digit of l?
7
Let i be (-231)/(-14)*16/12. Suppose 0 = -w - 5*z + 27 + i, 5*z = -3*w + 127. What is the tens digit of w?
3
Suppose 3 = 5*k - 4*c - 1, 3*c - 12 = 0. Suppose -4*g - 3*a = -g - 3, 0 = -k*a + 4. Let x(n) = -n + 20. What is the tens digit of x(g)?
2
Let a(d) be the first derivative of d**3/3 - d**2/2 - 9*d - 22. What is the tens digit of a(10)?
8
Let j(y) = -417*y**3 + 3*y**2 + 25*y + 42. What is the thousands digit of j(-2)?
3
Suppose 4648 = -40*a + 17528. What is the units digit of a?
2
Let a = 28 - 28. Suppose 5*g - 661 + 271 = a. What is the tens digit of g?
7
What is the hundreds digit of ((-842)/(-5))/((-42)/(-105)) - 1?
4
Suppose 19*k - 5535 = -538. What is the units digit of k?
3
Suppose 0 = 77*u - 64*u - 7436. What is the tens digit of u?
7
Suppose 3*x + 3*z = 102, 3*x - 2*z - 16 = 66. Let r = 6 + -32. Let i = x + r. What is the units digit of i?
4
Let l = 37 - 27. Suppose 0 = 5*i - 20 + l. Let g(s) = 19*s**2 - 5*s + 4. What is the units digit of g(i)?
0
Let z(k) = 2*k - 7. Let l be z(5). Suppose -3*f + 3*b - 39 = 0, -5*f = -b + l*b + 72. What is the tens digit of 3 - 2 - 3 - f?
1
Let j = 9 - 6. Suppose 10 = j*v + 4. Suppose v*z = 11 - 1. What is the units digit of z?
5
Let j be -2 + 0 - (68 - -3). Let b = -46 - j. What is the units digit of b?
7
What is the tens digit of -1*3/6*-2714 - 5?
5
Suppose 4*g = -3*m + 7332 + 4267, 5802 = 2*g + 2*m. What is the tens digit of g?
9
Suppose 7710 = -171*p + 177*p. What is the units digit of p?
5
Let o = 196 - 117. Suppose -31*x + 32*x - o = 0. What is the tens digit of x?
7
What is the tens digit of (3088 + 2)/3 - 0?
3
Let p = -879 + 1664. What is the units digit of p?
5
Suppose -p + 2*p - h = -2, -5*p + 10 = -h. Let w be (p/(-6)*-2)/1. What is the tens digit of (w/2)/(3/138)?
2
Let g(w) be the third derivative of -w**6/120 - 7*w**5/60 - 11*w**4/24 + w**3/2 + 23*w**2. What is the units digit of g(-9)?
4
Suppose 2*h - 23 - 123 = 0. Suppose -y = -2*y + h. What is the units digit of y?
3
Let t(x) = x**3 + 6*x**2 + 14*x. Let n(a) = -2*a**3 - 11*a**2 - 27*a + 1. Let v(h) = -2*n(h) - 5*t(h). What is the hundreds digit of v(-8)?
1
Let d = 10947 + -7526. What is the thousands digit of d?
3
Suppose -4*v = d - 10439, v - 2*d + 431 = 3043. What is the thousands digit of v?
2
Suppose 4*l - h = 6*l - 21, -4*l + 5*h = -77. Suppose -l = -5*t + 7. Suppose -16 = -t*u + 2*u. What is the units digit of u?
8
Let x(g) be the third derivative of g**5/60 - 7*g**4/24 + g**3 - 5*g**2. Let j be x(6). Suppose h + j - 10 = 0. What is the tens digit of h?
1
Let w = 64 + -56. Suppose w*o - o = 1113. What is the hundreds digit of o?
1
Suppose -7*u + 5*w - 405 = -2*u, -u = w + 79. What is the tens digit of (-1274)/(-6) - (u/12)/10?
1
Let g be 1 + (-4 + 2)/2. Suppose g*s = 5*s - 695. What is the hundreds digit of s?
1
Let h(w) = w + 1. Let p be h(4). Suppose -3*n - 10 = -u + 6, u = -p*n. What is the tens digit of 218/u + (-1)/(-5)?
2
Let q(f) = 7*f**2 + f**2 + 53 - 9*f**2. What is the tens digit of q(0)?
5
Let w be (4/2)/(-2) - -2. Let g = 475 - 443. Let d = w + g. What is the units digit of d?
3
Let g = -16 + 18. Suppose 9 = g*c + c. Suppose 0 = -3*k + 7*h - c*h + 109, 4*k - h - 128 = 0. What is the units digit of k?
1
What is the tens digit of (-3235)/(-15) + (-6)/9?
1
Suppose -x = 2*x - 9. Let r(m) = -10 - 4*m + 0*m - m**3 + 9*m**2 + 2*m**3 - x. What is the units digit of r(-9)?
3
Let k(y) = 1. Let t(u) = -u**2 - 9*u - 8. Let f(o) = -4*k(o) + t(o). Suppose h = -2 - 3. What is the units digit of f(h)?
8
Let z = -79 - -115. Suppose -2*j + z = j. What is the tens digit of j?
1
Suppose -15 = -4*b - 2*d + 27, 4*b - 5*d - 35 = 0. Suppose 3*k - b - 14 = 0. Let c(w) = -w**3 + 9*w**2 - 5*w - 5. What is the units digit of c(k)?
9
Let y be 15/4 + 5/20. Suppose -12 = -y*g + 4*i, -5*g = -3*i - 21 + 2. Suppose -g*l + 74 + 151 = 0. What is the tens digit of l?
4
Suppose 2*x + 180 = -i + x, -4*x = -3*i - 505. Let a = -92 - i. What is the tens digit of a?
8
Let w be 3*1 - (-199 - -14). Suppose -w - 76 = -3*m. What is the units digit of m?
8
Suppose 34*x = 16449 - 231. What is the hundreds digit of x?
4
Suppose -10208 = -33*p - 1496. What is the tens digit of p?
6
Let b(q) be the first derivative of 16*q**3/3 + q**2 - 3*q + 17. What is the hundreds digit of b(-3)?
1
Let w = 11 - -7. Let g be ((-9)/w)/(1/(-140)). Suppose 0*k + g = 5*k - 3*u, -56 = -3*k - u. What is the units digit of k?
7
Suppose -8*y + 18 = 82. Let v(l) = -31*l - 44. What is the units digit of v(y)?
4
Let w = 8 + -8. Let b = -6 - -6. Suppose b = -4*r - t, -3*r + t + 7 + w = 0. What is the units digit of r?
1
Suppose 4*x + 0*x = 5*x. What is the units digit of (-2)/(-8)*x - -54?
4
Let s(i) = -1205*i + 28. What is the tens digit of s(-1)?
3
Suppose 5138 = -f + 15*f. What is the tens digit of f?
6
Let d(t) = -2*t**2 - 2*t - 3. Let o be d(-2). Let w = 9 + o. Suppose w*p - 19 = p. What is the tens digit of p?
1
Let a be 980/30*(-2 - 1). Let x = a + 155. What is the units digit of x?
7
Suppose -7*a - 3*y + 651 = -4*a, -5*a = -4*y - 1058. What is the units digit of a?
4
Let z(c) = 9*c**2 - 19*c - 111. What is the units digit of z(-11)?
7
Suppose 5*d - 24 = -d. What is the units digit of 2 - (254/(-8) + (-1)/d)?
4
Suppose 3 + 3 = 2*o. Suppose o*h + 12 = 2*w, 0 + 8 = 2*w - 5*h. What is the units digit of w?
9
Let s(k) = -k**2 - 7*k + 6. Let q be s(-9). What is the tens digit of (2 - q)*(-54)/(-21)?
3
Let o(r) = 31*r**2 - 11*r - 15. What is the units digit of o(-5)?
5
Let x(v) = 11*v**2 - 13*v - 20. What is the units digit of x(-7)?
0
Let g(i) = 3*i**3 - 3*i**2 - 8*i - 7. What is the units digit of g(6)?
5
Suppose 0 = 5*r - 2*r - 99. Suppose 31*q = r*q - 142. Suppose -4*h + 291 = 2*p - p, 0 = -h - 2*p + q. What is the tens digit of h?
7
Let s(j) = -j**3 - 10*j**2 - 14*j - 10. Suppose -5*r + 84 = r. Suppose n = -5*u - r, -4*n - 34 = -u + 1. What is the units digit of s(n)?
5
Let y = 1 - -8. Let v(s) = -2*s**2 + 31*s + 2. What is the hundreds digit of v(y)?
1
Suppose -p + 226 = 3*k, -2*k = -4*p + 59 + 901. Let q = 26 + p. What is the tens digit of q?
6
Suppose -119 = -p + d, 2*d + 243 = 2*p + d. What is the hundreds digit of p?
1
Let a = -753 - -1365. What is the tens digit of a?
1
Let t(q) = -q**3 - 14*q**2 + 16*q 